ine o(-22).
-7
Let x(d) = -2*d**2 + 90*d - 879. Calculate x(32).
-47
Let u(o) = -14*o - 163. Give u(-12).
5
Let k(q) = 2*q**3 + 65*q**2 + 530*q + 43. Give k(-17).
-8
Let w(q) = -2*q**3 + 8*q**2 + 10*q - 29. Calculate w(6).
-113
Let x(j) = 3150*j + 72452. Give x(-23).
2
Let l(o) = 143*o - 7702. Calculate l(54).
20
Let p(f) = -10336*f - 41353. Calculate p(-4).
-9
Let x(z) = -162*z - 1919. Calculate x(-12).
25
Let n(q) = -q**3 - 5*q**2 + 3*q - 28. What is n(-7)?
49
Let z(s) = -s**3 - 8*s**2 + 32*s - 204. Calculate z(-14).
524
Let g(c) = 46*c - 300. Give g(5).
-70
Let b(x) = x**3 - 6*x**2 - 300*x + 2471. Determine b(9).
14
Let o(h) = 34*h**2 + 5*h + 3. Give o(-2).
129
Let m(g) = -8*g**3 - 247*g**2 + 29*g - 40. Calculate m(-31).
22
Let w(s) = s**3 - 42*s**2 - 38*s - 175. Calculate w(43).
40
Let x(b) = -21*b + 108. Calculate x(5).
3
Let s(m) = 2*m**2 + 21*m - 61. Calculate s(3).
20
Let j(i) = -60*i**2 + 6419*i + 103. Calculate j(107).
-4
Let i(y) = -3*y**2 - 8531*y - 85006. Give i(-10).
4
Let b(g) = 45*g**3 + 5*g**2 + 4*g - 1. Calculate b(-1).
-45
Let m(l) = -l**2 - 9*l + 36. Give m(4).
-16
Let w(l) = l**3 + 12*l**2 - 128*l + 411. Give w(-20).
-229
Let u(s) = 2*s**3 - 21*s**2 + 5*s + 40. What is u(10)?
-10
Let u(d) = -31*d + 350. Determine u(15).
-115
Let i(r) = -19*r + 1019. Give i(63).
-178
Let p(c) = -1128*c**2 - 38351*c + 40. Calculate p(-34).
6
Let b(t) = 4*t**3 - 4*t**2 - 206*t + 401. What is b(2)?
5
Let n(y) = 5*y**2 + 257*y + 109. Calculate n(-51).
7
Let p(y) = 23*y + 302. Calculate p(-20).
-158
Let z(o) = o + 25. Give z(-9).
16
Let c(q) = -q**3 - 232*q**2 - 704*q - 3899. Give c(-229).
-6
Let u(k) = -k**2 - 5*k - 5. Give u(14).
-271
Let n(y) = 2*y**2 + 81*y - 9. Calculate n(-42).
117
Let z(b) = -3*b**2 - 76*b + 516. Give z(7).
-163
Let b(s) = -9*s**2 - 613*s + 553. Calculate b(-69).
1
Let z(s) = s + 7. Give z(-11).
-4
Let m(q) = -q**3 + 22*q**2 + 52*q + 60. What is m(25)?
-515
Let t(d) = d**3 - 21*d**2 - 68*d - 8. Determine t(24).
88
Let o(q) = q**2 + 229*q + 1771. What is o(-8)?
3
Let z(u) = -u**2 + 19*u + 69. Calculate z(-11).
-261
Let z(p) = 2*p**3 + 907*p**2 + 23430*p - 2. What is z(-426)?
-2
Let k(g) = -1007*g + 7044. Determine k(7).
-5
Let z(c) = 384*c + 108. Give z(0).
108
Let o(a) = 1007*a - 5687. Calculate o(6).
355
Let n(l) = 68*l + 694. Give n(-11).
-54
Let a(j) = 563*j - 555. Calculate a(1).
8
Let p(g) = -g**3 - 9*g**2 + 22*g + 34. Calculate p(-12).
202
Let v(y) = -y**3 + 12*y**2 - 8*y + 133. Determine v(12).
37
Let w(o) = 22*o**2 + 176*o + 336. Give w(-5).
6
Let y(k) = k**3 - 42*k**2 + 334*k + 279. Calculate y(31).
62
Let l(q) = -314*q + 2541. What is l(7)?
343
Let d(v) = -v**3 + 10*v**2 + 16*v + 101. Calculate d(12).
5
Let l(m) = m**3 - 24*m**2 - 38*m. What is l(25)?
-325
Let o(h) = -2*h**2 - 1983*h + 18005. Determine o(9).
-4
Let p(l) = -2*l + 213. Calculate p(35).
143
Let u(z) = -16*z**2 - 181*z + 36. Give u(-12).
-96
Let d(g) = -942*g - 13204. Calculate d(-14).
-16
Let a(l) = l**2 + 154*l - 958. Determine a(6).
2
Let f(u) = -u**2 + 520*u + 2103. Give f(-4).
7
Let u(y) = -3*y**2 - 37*y - 243. What is u(-9)?
-153
Let k(o) = o**2 + 68*o + 726. Determine k(-53).
-69
Let f(v) = -v**3 - 12*v**2 - 39*v - 6. Give f(-7).
22
Let s(q) = -56*q + 61. Determine s(2).
-51
Let f(j) = 2*j**2 + 16*j + 14. Calculate f(-16).
270
Let r(d) = -d**3 + 18*d**2 - 72*d + 11. Determine r(12).
11
Let h(o) = 12*o**2 - 348*o + 7. Calculate h(29).
7
Let g(m) = -m**3 + 14*m + 12. Give g(-3).
-3
Let r(j) = -2*j**2 + 2077*j + 20977. Calculate r(-10).
7
Let c(k) = -25*k - 788. Calculate c(-33).
37
Let w(l) = -6*l**2 - 198*l - 24. Give w(-33).
-24
Let u(d) = 61*d + 2640. Calculate u(-43).
17
Let s(p) = -54*p + 7448. Determine s(140).
-112
Let g(y) = -7*y**2 - 2*y + 112. Calculate g(4).
-8
Let r(y) = -509*y - 7736. Calculate r(-15).
-101
Let l(t) = -175*t**3 - 2*t**2 + 2. Give l(1).
-175
Let y(q) = -q**3 + 12*q**2 + 25*q + 47. What is y(14)?
5
Let x(f) = f**2 - 48*f + 334. What is x(40)?
14
Let y(n) = n**3 - 244*n - 823. Determine y(0).
-823
Let m(x) = 18*x + 90. Calculate m(6).
198
Let x(n) = -1078*n - 14011. Calculate x(-13).
3
Let x(c) = -33*c**2 + 1715*c + 63. Determine x(52).
11
Let w(k) = 696*k + 2082. Give w(-3).
-6
Let v(n) = -9*n**3 + 123*n**2 + 42*n - 9. Give v(14).
-9
Let w(v) = 68*v**2 + 405*v - 20. Calculate w(-6).
-2
Let t(z) = 3*z**2 + 54*z + 40. Give t(-19).
97
Let x(h) = 200*h**2 + 2803*h + 42. Give x(-14).
0
Let b(v) = v**3 - 4*v**2 - 27*v + 49. What is b(12)?
877
Let r(m) = 70*m - 233. Determine r(3).
-23
Let r(o) = o**3 - 4*o**2 + 4*o + 47. Give r(7).
222
Let c(s) = -s**2 - 12*s - 41. What is c(-4)?
-9
Let h(j) = j**3 - 32*j**2 - 147*j + 112. What is h(36)?
4
Let o(x) = x**3 + 13*x**2 - 4*x - 337. Determine o(-9).
23
Let q(h) = 1018*h - 3089. Give q(3).
-35
Let o(i) = i**3 - 57*i**2 + 511*i - 228. Give o(46).
2
Let y(c) = 7*c**2 - 152*c + 879. Calculate y(12).
63
Let k(m) = 47*m**3 - 10*m**2 + 17*m - 5. What is k(1)?
49
Let w(v) = -4119*v + 37074. Determine w(9).
3
Let r(b) = -8*b + 174. Determine r(22).
-2
Let v(h) = -h**3 - 228*h**2 + 3119*h + 132. Calculate v(13).
-50
Let n(s) = 157*s + 13339. Give n(-85).
-6
Let z(c) = -1419*c + 2807. Determine z(2).
-31
Let i(q) = 165*q**2 - 9*q - 8. What is i(-1)?
166
Let f(p) = p**3 - 10*p**2 - 8*p + 55. What is f(10)?
-25
Let v(h) = 10*h**3 + 156*h**2 + 229*h + 74. Give v(-14).
4
Let j(k) = -571*k - 3808. Determine j(-7).
189
Let a(j) = 5*j**2 - 117*j + 117. Give a(1).
5
Let d(w) = w**2 - 29*w + 29. Calculate d(17).
-175
Let q(r) = -r**3 + 14*r**2 - 59*r - 22. Calculate q(5).
-92
Let t(q) = 15*q - 209. Give t(0).
-209
Let c(s) = s**3 + 11*s**2 + 11*s - 17. Determine c(-10).
-27
Let v(y) = 2*y**3 - 14*y**2 - 3*y - 21. Give v(5).
-136
Let l(r) = -246*r + 491. Calculate l(2).
-1
Let h(v) = 65*v**2 + 86*v - 14. Determine h(-2).
74
Let q(f) = -f**3 - 68*f**2 - 134*f - 132. Calculate q(-66).
0
Let i(n) = 104*n + 731. Determine i(-7).
3
Let b(i) = i**2 - 10*i + 106. What is b(39)?
1237
Let y(h) = -h**3 - 34*h**2 - 26*h + 149. Determine y(-34).
1033
Let o(x) = 4*x**2 - 9*x - 86. Determine o(6).
4
Let b(t) = -5*t**2 + 39*t + 314. Give b(-5).
-6
Let x(c) = c**3 - 10*c**2 - 15*c + 54. Calculate x(11).
10
Let z(m) = m**3 - 13*m**2 + 32*m - 10. What is z(11)?
100
Let v(r) = -61*r - 2599. Calculate v(-40).
-159
Let h(d) = 2*d**2 + 20224*d + 141468. Give h(-7).
-2
Let q(v) = 175*v**2 - 350*v - 5. Determine q(2).
-5
Let s(t) = -5*t**3 - 104*t**2 - 156*t - 30. Calculate s(-19).
-315
Let d(n) = n**2 + 68*n - 877. Calculate d(-73).
-512
Let v(t) = -169*t - 1285. Calculate v(-8).
67
Let z(a) = a**2 + 72*a - 952. Calculate z(-87).
353
Let a(v) = 2*v**3 - 18*v**2 + 21*v - 31. What is a(7)?
-80
Let u(g) = -149*g + 22357. Calculate u(150).
7
Let y(f) = -13*f - 393. Determine y(-15).
-198
Let p(v) = 22*v**2 + 162*v + 325. Determine p(-2).
89
Let q(f) = -3*f**2 - 328*f - 3050. What is q(-99)?
19
Let h(x) = 105*x**3 - 3*x**2 - 3*x. Calculate h(-1).
-105
Let p(i) = -i**3 - 15*i**2 - 80*i - 534. Calculate p(-12).
-6
Let w(c) = -c**2 + 53*c + 689. What is w(66)?
-169
Let y(p) = 3*p**2 + 114*p + 55. Give y(-37).
-56
Let i(q) = -2*q**3 + 41*q**2 - 21*q - 77. Calculate i(20).
-97
Let r(w) = w**3 + 47*w**2 - 36*w + 586. Calculate r(-48).
10
Let w(t) = t**3 + 52*t**2 + 50*t + 24. Determine w(-51).
75
Let i(k) = 5*k**2 - 418*k + 1050. Give i(81).
-3
Let z(v) = -2*v**2 - 599*v - 2936. Give z(-5).
9
Let b(g) = 25*g**2 - 200*g. What is b(5)?
-375
Let t(b) = -2*b**3 + 49*b**2 + 80*b - 47. Determine t(26).
5
Let v(n) = 19*n + 1363. Give v(-72).
-5
Let n(i) = 270*i - 2760. Give n(10).
-60
Let z(b) = -b**2 + 31*b - 587. Determine z(8).
-403
Let v(o) = -o**3 + 3*o**2 + 92*o + 218. What is v(-6)?
-10
Let m(z) = -136*z + 886. Calculate m(2).
614
Let b(m) = m**3 + 211*m**2 + 1435*m + 26. Give b(-7).
-23
Let a(x) = 2*x**3 + 18*x**2 + 13*x - 9. Determine a(-7).
96
Let t(x) = -10*x**2 - 34*x - 176. What is t(-8)?
-544
Let t(y) = 24*y - 50. What is t(2)?
-2
Let b(h) = h**3 - 8*h**2 + 16*h + 21. Give b(6).
45
Let i(v) = -4*v - 51. Give i(5).
-71
Let b(k) = -5*k**2 - 41*k + 67. What is b(-15)?
-443
Let w(i) = -i**3 - 87*i**2 + 179*i + 82. Give w(-89).
-7
Let b(y) = y**3 + 6*y**2 - y - 23. Calculate b(-6).
-17
Let x(r) = 1733*r + 95313. Give x(-55).